- 21. Give q(o).
-2
Let w(b) = b - 1. Suppose -12*x + 262 = -2114. Suppose 3*a = -183 + x. Give w(a).
4
Suppose 0 = -5*c - 4*x + 11, 0 = 4*c + 3*x - 3 - 5. Let s(h) be the second derivative of -1/2*h**2 + 0 + 14*h - 8/3*h**3. Determine s(c).
15
Suppose -5*f - 27 = -0*f + 3*l, 4*l + 4 = 4*f. Let w(n) = -n**2 - 3*n - 4. Calculate w(f).
-4
Suppose y + 49 = 52. Let z(k) = -k**2 + 4*k + 1. Give z(y).
4
Let v(b) be the third derivative of 1/6*b**3 + 0*b + 0*b**4 + 10*b**2 + 7/60*b**5 + 0. Give v(-1).
8
Suppose 2*b + 2 = 38. Suppose 0 = -r - 5, -2*x - b = -0*x + 2*r. Let s(d) = -d + 1. What is s(x)?
5
Let p(q) = -16*q + 449. Let j be p(28). Let n(v) be the first derivative of -j - 1/2*v**2 + 0*v - v**3. Determine n(1).
-4
Let n(l) = 12 + l - 4 - 34. Determine n(15).
-11
Suppose -i = 4*s - 7, 2*s + 4*i + 7 = -7. Let r(c) = -10*c + s*c + 6*c - 16. Suppose -6*m = -2*m. Determine r(m).
-16
Let h(z) = 3*z - 2. Suppose -108 = 5*t + 4*k - 1, -12 = 4*k. Suppose -s = 3*s - 84. Let c = t + s. What is h(c)?
4
Let x(q) be the first derivative of q**3/3 + 13*q**2/2 + 13*q - 3. Let i be x(-12). Let z(o) = -33 - 2*o**3 - o**2 + 33. Give z(i).
-3
Suppose -5*g + 8 = 38. Let l(r) = r**3 - 2*r - 6. Let c(x) = x**3 - x**2 - 2*x - 6. Let u(j) = 6*c(j) - 7*l(j). Calculate u(g).
-6
Suppose 25 = 291*u - 286*u. Let j(o) = o**3 - 6*o**2 - 3. Determine j(u).
-28
Let i(j) = -15 - 15*j + 4*j + 13 + 4*j. Suppose -2*h - h = 6. Calculate i(h).
12
Let q(z) = 2*z - 18. Let n be q(11). Let y(k) = 6 - 9 + n*k + 4. What is y(-2)?
-7
Let z(a) = -289*a - 5 + 3 + 290*a + 5. Let d be (8/(-2))/(-8)*2*-7. What is z(d)?
-4
Suppose 0*b - n = -2*b + 2, 2*b + 3*n = 10. Suppose -4*x - 2 = 5*a - 0, -1 = 4*a + 3*x. Let z(s) = -s - 3 + 1 + a + b. What is z(7)?
-5
Let z(j) = -2*j**2 - 17*j + 15. Let a(h) = -h**2 - 8*h + 7. Let o(t) = -5*t - 35. Let b be o(-6). Let r(k) = b*a(k) + 2*z(k). Give r(-7).
2
Let p(q) = q**2 - 8*q - 3. Let c be 1/(-7) + 100*(-1)/(-14). Determine p(c).
-10
Let f(u) = -5*u + 1. Let w = 233 - 231. Determine f(w).
-9
Let d(s) = -s. Let j(k) = -4*k**2 + 2*k. Let i(f) = d(f) + j(f). Suppose 3*l + 0*l - 72 = 3*w, -3*w = 3*l + 96. Let g = w - -29. Determine i(g).
-3
Let s(i) = -i**3 + i**2 + 1. Let t(d) be the first derivative of d**4 - 14*d**3/3 + 6*d + 16. Let n(f) = -3*s(f) - t(f). Calculate n(11).
-9
Let s(z) = -z**3 + 4*z**2 + 4*z - 7. Let o be s(5). Let u(h) = -h**2 - 12*h - 18. Let d be u(o). Let v = d - -13. Let t(x) = -x**2 - 4*x - 1. Give t(v).
-6
Let o(s) = -4*s - 23. Let n(g) = 8*g + 48. Let c(q) = 4*n(q) + 9*o(q). Give c(-6).
9
Let v(w) = -8*w**3 + 9*w**2 + 11*w + 17. Let n(q) = 3*q**3 - 3*q**2 - 4*q - 6. Let k(o) = -11*n(o) - 4*v(o). What is k(-3)?
-2
Suppose 0*m - 6 = -m. Suppose m*x = 1 + 11. Let c(f) = -6*f - f**2 - 3 - 4*f**2 + 4*f**x. Determine c(-4).
5
Let h be (-5)/(-2) - (2 + (-42)/12). Suppose 5*w - 3*m - m + 23 = 0, h*w + 19 = 3*m. Let x(u) = u + 13. Let d(f) = 1. Let t(j) = 6*d(j) - x(j). Calculate t(w).
0
Let i(o) be the second derivative of -o**5/20 - 7*o**4/12 - 5*o**3/6 - o. Let m = 31 + -29. Suppose 3*a - m*g = -28, -a - 3*a = 3*g + 9. Calculate i(a).
-6
Let d(z) = z**2 - z - 2. Let p(r) = 2*r. Let m be p(-1). Let x be d(m). Let o(v) = 5*v + 1 - x*v - 2*v. Calculate o(0).
1
Let t = 8 + -16. Let c(p) = -4*p + 586 + 2*p - 584. Calculate c(t).
18
Let s(k) = 0 - 13*k - k**2 - 11*k + 22*k + 4. Suppose -t + 2*f - 13 = -4*t, 4*t - 2*f = 8. Suppose 16 = -4*c - t*i, c + 5*i - 20 = 6*c. What is s(c)?
-4
Let r be ((-1)/3)/(4/(-36)*1). Let b(m) = m**2 - 6*m + 14. Let d be b(r). Let k(w) = -w. Give k(d).
-5
Let c be (12 - 12)/(1*-1). Let h(i) be the third derivative of -6*i**2 + 2/3*i**3 + c*i + 0 + 1/24*i**4. Give h(3).
7
Let u(a) = 428 + 7*a - 21*a - 219 - 219 + a**2. What is u(15)?
5
Let a(m) = 10 + 12*m**3 + 0*m + 16*m + 2*m**3 - 33*m**3 + 18*m**3 - 14*m**2. What is a(-15)?
-5
Let j(d) = -1 + 4*d - d**3 - 8*d**2 - 3*d + 7*d**2 - 3. Let a be (7 + -7)*(-8)/(-8). What is j(a)?
-4
Let d(l) be the third derivative of 1/20*l**5 + 1/120*l**6 + 0 - 1/8*l**4 - 18*l**2 - 5/6*l**3 + 0*l. Give d(-4).
-9
Let m(x) = x**3 + 6*x**2 - x - 3. Suppose 0 = i + 3 + 3. Let c be m(i). Let h(n) = 5*n + n + 7*n**2 + 2 - 19*n**c + 20*n**3. Give h(-6).
2
Let k(z) be the first derivative of -z**3/3 + 6*z**2 - 6*z + 125. Determine k(7).
29
Let k(w) = -2*w - 6 + 0*w - w + 4*w. Let r(c) = c**2 + 1. Let x be r(2). What is k(x)?
-1
Let w = -8 - -2. Let u(q) = -5*q**2 - 24*q - 9. Let c(r) = r**2 + 5*r + 2. Let d(f) = -11*c(f) - 2*u(f). Calculate d(w).
2
Let b(i) = i + 1. Let n be (-24)/84 - (-2)/7. Determine b(n).
1
Suppose 2*s = 3 + 33. Let d = s + -12. Let x(w) = d*w + 0*w - 4*w - w - 1. Determine x(1).
0
Let d(o) = -o**3 - 5*o**2 + 2*o + 5. Let t = -11 + 16. Suppose 5*i - 4*x + t = 0, -5*x - 15 = i + 15. Calculate d(i).
-5
Let s = -2 + 4. Suppose -4*v = -u + 2*u - 17, 0 = 2*v - s*u + 4. Suppose 0 = -3*w + x + 5, -v*w - 2*x = 12 - 2. Let b(o) = o - 7. Determine b(w).
-7
Let c(k) = 77 - 27 + 2*k - 34. Give c(-8).
0
Let g(h) = -6*h - 99. Let w(q) = 7*q + 123. Let b(u) = -6*g(u) - 5*w(u). Calculate b(10).
-11
Let q be ((4 - 4) + 2)/(1 + 1). Let f(g) = g + 1. Let j(m) = m**2 - m. Let z(i) = q*f(i) + j(i). Determine z(-2).
5
Let b(s) = -3*s**2 + s + 1. Let m(u) = -8*u**2 + u. Let a(d) = 2*b(d) - m(d). Determine a(-2).
8
Suppose 5*s + 2*x - 140 = -0*x, 4*s + 3*x = 105. Suppose -2*t + s = 3*t. Let k(j) = j**2 - 12*j + 9. Let p(y) = -y. Let f(z) = k(z) - 4*p(z). Determine f(t).
-3
Let n(a) = 7*a - 9. Let q be n(11). Suppose 3*j - 4*m - 87 = -m, 4*m + q = 2*j. Let r be (-5)/5 + j/3. Let z(u) = -u**2 + 7*u - 1. Calculate z(r).
-1
Let v(m) be the third derivative of 0 - 1/6*m**3 + 1/12*m**4 + 0*m + 19*m**2. Determine v(4).
7
Let t(u) be the third derivative of -u**4/6 + u**2. Let h(m) be the third derivative of m**5/60 + 13*m**4/24 - 31*m**3/6 + 27*m**2. Let f be h(-15). Give t(f).
4
Let s be 2/11 - 48/22. Let d(k) = -k**2 - k. Let c(i) = -3*i**2 - 3*i - 1. Let o(g) = s*c(g) + 5*d(g). Give o(-2).
4
Let u(q) = 7*q - 1. Let j = 178 + -177. Determine u(j).
6
Let w(h) = -9*h. Let n be ((-12)/10)/(363/360 + -1). Let t = n - -143. What is w(t)?
9
Let q(u) = 14*u + 0*u**3 + 6 - u**3 - 25*u + 8*u**2 + 14*u. Give q(8).
30
Let k(h) = 10*h + 6. Let f(l) = -28*l - 17. Let i(u) = 3*f(u) + 8*k(u). Suppose 0*t + t + 4 = 0. Determine i(t).
13
Let u(y) = 40 - y**2 + 2*y**2 - 18 - 20. Suppose 0*t - 5*t = -5*w - 30, 0 = -2*t + 6. Let k(d) = d**3 + 4*d**2 + 5*d + 4. Let f be k(w). What is u(f)?
6
Let m(s) be the second derivative of -2*s**3 + 0*s**2 + 0*s**4 + 0 + 1/120*s**5 + 10*s - 7/180*s**6. Let t(i) be the second derivative of m(i). Determine t(1).
-13
Let j(n) be the first derivative of -n**4/4 + n**3/3 - n**2 + n - 1. Let m(s) = -2*s + 19. Let h be m(9). Determine j(h).
-1
Let v(h) = -h**3 - 8*h**2 + 13*h + 4. Let n = 468 - 477. Determine v(n).
-32
Let v(r) = 7*r + 1. Let l be v(-1). Let j(b) = -b**2 - 5*b + 6. Let c(w) = 1. Let a(m) = l*c(m) + j(m). Let o be (-6)/(-4)*130/(-39). Give a(o).
0
Let w(i) be the second derivative of -i**5/10 - 5*i**4/6 - i**3/6 - 11*i**2/2 - 140*i. Calculate w(-5).
-6
Let j(v) be the first derivative of -1/4*v**4 - 4/3*v**3 + 5/2*v**2 - 17 - 4*v. Determine j(-5).
-4
Let x(r) be the third derivative of -43*r**2 + 0 + 1/60*r**5 + 1/3*r**3 - 3/8*r**4 + 0*r. Determine x(8).
-6
Let q(j) = -1 - 88*j**2 - j + 46*j**2 + 0 + 49*j**2. Let w(l) = l**3 - 3*l**2 - 5*l + 3. Let g be w(4). Give q(g).
7
Let m(s) = -s**3 + 10*s**2 - 8*s - 7. Let i be m(9). Suppose -i*v + 0 = -6. Suppose 2*p + v + 8 = -5*n, 0 = n + 1. Let f(w) = -w**2 - 4*w - 4. What is f(p)?
-1
Suppose -c - 15 = -6*c. Let r(a) = -4 + 4*a**2 + 2*a**3 - 3*a**c + 7. Let s(z) = z**2 + 57*z + 166. Let x be s(-54). Give r(x).
3
Let i(w) = w**2 - 4*w + 4. Let y(r) = -r**2 - 4*r + 3. Let d be y(-5). Let u be (d/(-4))/(4/136). Suppose u*c = 13*c + 20. Calculate i(c).
9
Let n(r) = 4*r**3 + 33*r**2 + 6*r - 16. Let k be n(-8). Let d(y) be the second derivative of k - 2/3*y**3 - 6*y + 1/2*y**2. Give d(-4).
17
Let g = 73 - 57. Let t(n) = -8 - 1 + g - n. Calculate t(6).
1
Let u(m) = m**3 + 20*m**2 - 48*m - 76. Let b be u(-22). Let l(r) = -r + 19. Give l(b).
7
Let m be (-18)/(-10)*9/(54/20). Suppose 4*b + 25 + m = t, 5 = -t. Let z(x) = x**2 + 8*x - 